23
In base 4, what is -31031222231130 + 10?
-31031222231120
In base 6, what is 1 + -530434252?
-530434251
In base 6, what is 3 + 3221352535?
3221352542
In base 14, what is -319794d - c?
-319795b
In base 16, what is -967 + -6d223?
-6db8a
In base 9, what is -1 + -241885212?
-241885213
In base 4, what is -130102331 + -11133?
-130120130
In base 13, what is -188858c - -1?
-188858b
In base 8, what is -454 - -47430?
46754
In base 4, what is 1322311302 - 0?
1322311302
In base 10, what is 2390655 + -3?
2390652
In base 14, what is -20aa6a - -14?
-20aa56
In base 3, what is -210 - 1011012101211100?
-1011012101212010
In base 6, what is -1 + 41223442?
41223441
In base 14, what is 5 + 11c293a?
11c2941
In base 10, what is -4397 - 2813?
-7210
In base 10, what is -1286308 - 108?
-1286416
In base 7, what is -202223346 - -20?
-202223326
In base 4, what is 3 - -3102202003100?
3102202003103
In base 3, what is -2022120200 + -2102?
-2022200002
In base 3, what is -110202110121 + -11022?
-110202121220
In base 12, what is 40 - 297a20?
-2979a0
In base 9, what is -2757 - 40768?
-43636
In base 6, what is 2345535200 - -2?
2345535202
In base 4, what is 23 + 33030112210?
33030112233
In base 10, what is -15 - 16329891?
-16329906
In base 4, what is 2 - 12120233?
-12120231
In base 5, what is 30111441 - 23221?
30033220
In base 9, what is -1785 - -62241?
60345
In base 7, what is 0 - 21352402?
-21352402
In base 7, what is -3 - -1026164054?
1026164051
In base 8, what is -144165546 + -3?
-144165551
In base 14, what is 9a305 + -256?
9a08d
In base 11, what is 0 - -1208323?
1208323
In base 13, what is 14050 - 12b9?
12a64
In base 9, what is -2 - -151058871?
151058868
In base 6, what is 250524 + 2011?
252535
In base 13, what is 1399287 + -3?
1399284
In base 12, what is -5 - 62ba98?
-62baa1
In base 12, what is -24230b + -100?
-24240b
In base 12, what is 3 - -498111?
498114
In base 13, what is 6a05 - -34b3?
a1b8
In base 2, what is -111111000111100011111110 - -10?
-111111000111100011111100
In base 13, what is -13 + -63974?
-63987
In base 4, what is -11 + 233321022111?
233321022100
In base 8, what is 2621 - -10132?
12753
In base 15, what is 151c9 + 56?
15230
In base 8, what is -1 + -4220041?
-4220042
In base 2, what is 1000101011 + -100100010101001?
-100011001111110
In base 6, what is 5 - -2522142330?
2522142335
In base 9, what is -28 + -1466668?
-1466707
In base 9, what is 5 + 32377645?
32377651
In base 10, what is -250065379 + -5?
-250065384
In base 12, what is -17 - 158948?
-158963
In base 15, what is -42c074 - 5?
-42c079
In base 4, what is 103131212100 - 11?
103131212023
In base 11, what is -34283225 + -3?
-34283228
In base 13, what is 462 + 2822?
2c84
In base 10, what is 12278 - 5334?
6944
In base 10, what is -56317 + -856?
-57173
In base 16, what is 908c26 - -31?
908c57
In base 4, what is -323 + -20033002212?
-20033003201
In base 2, what is -101110011100 - -10011000?
-101100000100
In base 6, what is -5 - -24454350?
24454341
In base 6, what is 1025114411 + 235?
1025115050
In base 4, what is 1310110 + 203122?
2113232
In base 7, what is 1465 - -3156162?
3160660
In base 8, what is 273 + 224505?
225000
In base 11, what is 245 + -5a6488?
-5a6243
In base 13, what is -56a - -525b5?
52048
In base 5, what is -10 - -1222020021?
1222020011
In base 9, what is 1553236 + 22?
1553258
In base 10, what is 159895 + 1045?
160940
In base 10, what is -4301 + -35167?
-39468
In base 16, what is 12 + -5c998e?
-5c997c
In base 2, what is 10000110011100100100 + -110?
10000110011100011110
In base 4, what is -1002031220120 - 102?
-1002031220222
In base 7, what is 5561 - 2206661?
-2201100
In base 4, what is -2311 - 21003132?
-21012103
In base 7, what is -1 - -5504320?
5504316
In base 4, what is 2311111221113 - 20?
2311111221033
In base 5, what is 4 + -1222444443?
-1222444434
In base 2, what is 1001 - 10000110110011101100001?
-10000110110011101011000
In base 15, what is 4602a + -c7?
45e53
In base 2, what is -100100110000111 - 11001111011?
-101000000000010
In base 16, what is -41 - -556d44?
556d03
In base 3, what is -20 - -210122122220220?
210122122220200
In base 2, what is 1101000110101100101 - -1000001111?
1101000111101110100
In base 14, what is 2389684 - -5?
2389689
In base 4, what is 1 - -11130130022303?
11130130022310
In base 10, what is 18380508 - -5?
18380513
In base 10, what is -2369 - -13028?
10659
In base 14, what is -116c - 76bd?
-884b
In base 5, what is 114301 + -4012?
110234
In base 11, what is -201563 - -3?
-201560
In base 16, what is 118e744 - 30?
118e714
In base 6, what is -43 - -14544031?
14543544
In base 5, what is -4334 + -40234033?
-40243422
In base 3, what is -22100011012222 + -12221?
-22100011102220
In base 13, what is 43 + 4387111?
4387154
In base 6, what is -311 + 12551055?
12550344
In base 5, what is 213 - 404021423?
-404021210
In base 13, what is 5144 + 3b3?
5527
In base 12, what is 1322334 - 1?
1322333
In base 4, what is -1 - -1112113200031?
1112113200030
In base 3, what is 1010220 - -20020100020?
20021111010
In base 11, what is 0 - -15a4260?
15a4260
In base 8, what is -701161 + -202?
-701363
In base 16, what is -f - 115dac?
-115dbb
In base 5, what is -4 - -2202130242?
2202130233
In base 10, what is 2 - -13094876?
13094878
In base 3, what is 10102 - 2110120220212?
-2110120210110
In base 8, what is -36 + 13136076?
13136040
In base 9, what is -11 - 1401324?
-1401335
In base 8, what is -716117 + -5?
-716124
In base 9, what is -15 + 5381831?
5381815
In base 10, what is -4946992 + -65?
-4947057
In base 9, what is -63647 + 6827?
-55720
In base 13, what is 3b9599 + 18?
3b95b4
In base 3, what is 11 - 122002011010?
-122002010222
In base 3, what is -202001022220022 + 102?
-202001022212220
In base 11, what is -37803114 + 4?
-37803110
In base 10, what is 9893 - -1976?
11869
In base 15, what is -6c - 186ec?
-18769
In base 6, what is 4 + 153551150?
153551154
In base 9, what is -100366 - -150?
-100216
In base 12, what is -17 + 38741?
38726
In base 15, what is d2 + -9c91?
-9bae
In base 2, what is -10100001001001011 - -10001?
-10100001000111010
In base 5, what is -114234 + -2103443?
-2223232
In base 7, what is -13632 + -40532?
-54464
In base 14, what is -1 - 586662?
-586663
In base 4, what is -230 - -2201013102?
2201012212
In base 12, what is 7a0 + -355a?
-297a
In base 2, what is -10000100010001 + 1011111100011?
-100100101110
In base 10, what is 650074 - 18?
650056
In base 4, what is 0 - -10103013310321?
10103013310321
In base 12, what is 31b434 - -29?
31b461
In base 14, what is -432c8 - -22?
-432a6
In base 12, what is 4371b056 + 1?
4371b057
In base 7, what is 36 - -2121011?
2121050
In base 3, what is 121122012011 - 20100?
121121221211
In base 5, what is -40211112142 + 4?
-40211112133
In base 7, what is -42 + -32366?
-32441
In base 11, what is 4319392 + 7?
4319399
In base 9, what is -2538 + 228208?
225560
In base 15, what is -18b32 + 42?
-18ae0
In base 4, what is -1330003 + -1112033?
-3102102
In base 13, what is 1473bb74 - -2?
1473bb76
In base 11, what is 19a267 + -13?
19a254
In base 9, what is -2154 + 17814?
15650
In base 3, what is -2222011012000 - 11120?
-2222011100120
In base 15, what is 5c + 4606?
4663
In base 5, what is 1400301203 - -4?
1400301212
In base 6, what is 3 - 14142355?
-14142352
In base 10, what is -9597451 - 2?
-9597453
In base 9, what is 271646305 - 3?
271646302
In base 2, what is -1101000001111001000000 - 10?
-1101000001111001000010
In base 4, what is 1230220320 - 203?
1230220111
In base 6, what is -15120150504 + -20?
-15120150524
In base 3, what is 111 + 220110220200?
220110221011
In base 2, what is -100011001101 + -100010001000011?
-100110100010000
In base 5, what is -104140011 + 20?
-104134441
In base 5, what is 234404324124 - 4?
234404324120
In base 14, what is -5 - 56b6527?
-56b652c
In base 8, what is 457505 + -262?
457223
In base 12, what is -3 + -6b29615?
-6b29618
In base 9, what is -654 + -1532613?
-1533367
In base 13, what is c718112 + -4?
c71810b
In base 8, what is -3 + -31125111?
-31125114
In base 16, what is ad - 449a4b?
-44999e
In base 14, what is -5 - -769759?
769754
In base 12, what is -52261 - 191?
-52432
In base 4, what is -3 - -221031332213?
221031332210
In base 14, what is -1c05c - 19ac?
-1da2a
In base 5, what is 3100430243103 + 2?
3100430243110
In base 7, what is -